s the ten thousands digit of 705677?
0
What is the tens digit of 626189?
8
What is the ten thousands digit of 92118?
9
What is the thousands digit of 349358?
9
What is the hundred thousands digit of 1182463?
1
What is the hundred thousands digit of 4534649?
5
What is the hundred thousands digit of 915103?
9
What is the hundred thousands digit of 810812?
8
What is the tens digit of 4919920?
2
What is the millions digit of 8353165?
8
What is the ten thousands digit of 8710205?
1
What is the ten thousands digit of 4537112?
3
What is the ten thousands digit of 120265?
2
What is the tens digit of 904217?
1
What is the millions digit of 1884495?
1
What is the thousands digit of 4523253?
3
What is the hundred thousands digit of 18905238?
9
What is the ten thousands digit of 143782?
4
What is the units digit of 1012378?
8
What is the thousands digit of 1100933?
0
What is the millions digit of 27675956?
7
What is the thousands digit of 2706787?
6
What is the hundred thousands digit of 128009?
1
What is the hundred thousands digit of 6399135?
3
What is the hundreds digit of 760697?
6
What is the tens digit of 12092001?
0
What is the hundred thousands digit of 11202261?
2
What is the hundred thousands digit of 3073914?
0
What is the hundreds digit of 343840?
8
What is the hundreds digit of 6551536?
5
What is the tens digit of 516375?
7
What is the thousands digit of 7157408?
7
What is the millions digit of 22501821?
2
What is the millions digit of 6075868?
6
What is the ten thousands digit of 5570664?
7
What is the ten thousands digit of 2717990?
1
What is the hundreds digit of 192940?
9
What is the hundred thousands digit of 4741252?
7
What is the hundreds digit of 13222958?
9
What is the hundreds digit of 8819805?
8
What is the tens digit of 8852922?
2
What is the tens digit of 425989?
8
What is the tens digit of 300964?
6
What is the tens digit of 420091?
9
What is the hundred thousands digit of 1276784?
2
What is the hundreds digit of 3066147?
1
What is the tens digit of 198420?
2
What is the ten thousands digit of 1777457?
7
What is the millions digit of 2830529?
2
What is the hundred thousands digit of 531073?
5
What is the tens digit of 4581408?
0
What is the millions digit of 1332823?
1
What is the millions digit of 23525154?
3
What is the units digit of 1675415?
5
What is the units digit of 18516509?
9
What is the ten thousands digit of 260869?
6
What is the millions digit of 7332444?
7
What is the units digit of 6686993?
3
What is the hundred thousands digit of 7681085?
6
What is the thousands digit of 1784279?
4
What is the units digit of 3314679?
9
What is the hundreds digit of 4501017?
0
What is the thousands digit of 155848?
5
What is the millions digit of 27079037?
7
What is the thousands digit of 6573907?
3
What is the ten thousands digit of 30446669?
4
What is the hundreds digit of 189015?
0
What is the units digit of 7071699?
9
What is the hundred thousands digit of 694463?
6
What is the hundred thousands digit of 124285?
1
What is the millions digit of 9071367?
9
What is the hundred thousands digit of 740774?
7
What is the hundreds digit of 3745?
7
What is the tens digit of 16935347?
4
What is the thousands digit of 1699708?
9
What is the units digit of 66336?
6
What is the ten thousands digit of 15812128?
1
What is the ten thousands digit of 280201?
8
What is the hundreds digit of 6417007?
0
What is the hundreds digit of 124949?
9
What is the hundred thousands digit of 5329672?
3
What is the hundreds digit of 1915904?
9
What is the thousands digit of 45128?
5
What is the tens digit of 8337799?
9
What is the millions digit of 2337127?
2
What is the tens digit of 1464313?
1
What is the tens digit of 187489?
8
What is the hundreds digit of 46138?
1
What is the thousands digit of 29566968?
6
What is the hundred thousands digit of 2715014?
7
What is the ten thousands digit of 939951?
3
What is the ten millions digit of 12747230?
1
What is the units digit of 874143?
3
What is the thousands digit of 1092411?
2
What is the hundred thousands digit of 6531188?
5
What is the hundred thousands digit of 132033?
1
What is the thousands digit of 349457?
9
What is the tens digit of 477042?
4
What is the hundreds digit of 248923?
9
What is the hundreds digit of 8670029?
0
What is the hundred thousands digit of 3383909?
3
What is the hundreds digit of 346659?
6
What is the tens digit of 7839?
3
What is the ten thousands digit of 15664631?
6
What is the ten thousands digit of 351797?
5
What is the hundred thousands digit of 2795196?
7
What is the millions digit of 2460329?
2
What is the thousands digit of 488495?
8
What is the thousands digit of 61581?
1
What is the ten thousands digit of 99182?
9
What is the hundreds digit of 2478278?
2
What is the thousands digit of 1106906?
6
What is the hundred thousands digit of 511118?
5
What is the tens digit of 330360?
6
What is the hundreds digit of 21524780?
7
What is the thousands digit of 5022814?
2
What is the hundred thousands digit of 8369800?
3
What is the hundred thousands digit of 6474220?
4
What is the hundred thousands digit of 13483629?
4
What is the thousands digit of 52790?
2
What is the ten thousands digit of 4758305?
5
What is the units digit of 104662?
2
What is the thousands digit of 6406448?
6
What is the hundreds digit of 5938300?
3
What is the thousands digit of 3111176?
1
What is the units digit of 296025?
5
What is the tens digit of 1233584?
8
What is the millions digit of 1382434?
1
What is the hundred thousands digit of 336481?
3
What is the hundreds digit of 97849?
8
What is the units digit of 7922975?
5
What is the units digit of 4353?
3
What is the ten thousands digit of 249738?
4
What is the units digit of 2254539?
9
What is the ten thousands digit of 20034337?
3
What is the tens digit of 158861?
6
What is the units digit of 12285349?
9
What is the ten thousands digit of 1893016?
9
What is the hundreds digit of 692593?
5
What is the thousands digit of 17933?
7
What is the units digit of 21110125?
5
What is the tens digit of 1657587?
8
What is the units digit of 72683?
3
What is the millions digit of 1345960?
1
What is the millions digit of 5515196?
5
What is the hundreds digit of 10210516?
5
What is the thousands digit of 10410853?
0
What is the millions digit of 2343472?
2
What is the hundreds digit of 6810631?
6
What is the hundreds digit of 1685637?
6
What is the thousands digit of 1464693?
4
What is the tens digit of 3401285?
8
What is the units digit of 12162232?
2
What is the hundred thousands digit of 2254993?
2
What is the thousands digit of 1651535?
1
What is the hundred thousands digit of 8370104?
3
What is the millions digit of 19828653?
9
What is the units digit of 852020?
0
What is the hundreds digit of 4825247?
2
What is the thousands digit of 957178?
7
What is the millions digit of 2236637?
2
What is the ten thousands digit of 432870?
3
What is the hundreds digit of 5195409?
4
What is the tens digit of 4415946?
4
What is the hundreds digit of 32515577?
5
What is the tens digit of 5355446?
4
What is the thousands digit of 85245?
5
What is the thousands digit of 6093574?
3
What is the tens digit of 51751?
5
What is the thousands digit of 177201?
7
What is the tens digit of 691498?
9
What is the ten thousands digit of 9147992?
4
What is the hundreds digit of 918279?
2
What is the thousands digit of 8813335?
3
What is the hundred thousands digit of 510512?
5
What is the units digit of 30660?
0
What is the thousands digit of 1180631?
0
What is the hundred thousands digit of 3161088?
1
What is the tens digit of 68550?
5
What is the thousands digit of 227186?
7
What is the hundred thousands digit of 7893187?
8
What is the ten thousands digit of 23646995?
4
What is the ten thousands digit of 746420?
4
What is the hundred thousands digit of 3254129?
2
What is the thousands digit of 965921?
5
What is the tens digit of 42439?
3
What is the units digit of 826763?
3
What is the hundred thousands digit of 5485026?
4
What is the units digit of 2493339?
9
What is the millions digit of 5447287?
5
What is the tens digit of 246703?
0
What is the hundred thousands digit of 157687?
1
What is the hundreds digit of 1502881?
8
What is the thousands digit of 484966?
4
What is the hundred